 prime number?
True
Is 3147 a composite number?
True
Is 36253 prime?
False
Is 190933 a prime number?
False
Is 34514 a prime number?
False
Is 14207 a prime number?
True
Is 8329 composite?
False
Is 2309 composite?
False
Is 3172879 a prime number?
True
Is 4285187 a composite number?
False
Is 990307 a composite number?
False
Is 269851 prime?
True
Is 21703 a composite number?
True
Is 1018441 a composite number?
True
Is 3606983 composite?
False
Is 15133 composite?
True
Is 45659 prime?
True
Is 702173 a composite number?
False
Is 40609 a composite number?
False
Is 5147 prime?
True
Is 29687 composite?
True
Is 339197 composite?
True
Is 1801 prime?
True
Is 220327 prime?
True
Is 375029 a prime number?
True
Is 164813 a composite number?
True
Is 209837 prime?
True
Is 233371 composite?
False
Is 77939 composite?
True
Is 40441 a composite number?
True
Is 10007 prime?
True
Is 97145 prime?
False
Is 1513433 prime?
False
Is 771011 composite?
False
Is 25511 a prime number?
False
Is 10831 composite?
False
Is 89867 prime?
True
Is 675329 composite?
True
Is 23969 composite?
True
Is 34631 a prime number?
True
Is 166597 prime?
True
Is 568769 composite?
True
Is 12701 composite?
True
Is 1572323 a prime number?
True
Is 399073 composite?
True
Is 1103161 a composite number?
True
Is 104459 prime?
True
Is 38273 a composite number?
False
Is 31919 composite?
True
Is 581809 composite?
False
Is 39791 prime?
True
Is 150707 composite?
False
Is 33149 a composite number?
False
Is 3599 composite?
True
Is 44329 a composite number?
True
Is 621053 a composite number?
True
Is 160417 a composite number?
True
Is 46555 composite?
True
Is 45523 a prime number?
True
Is 2253 a composite number?
True
Is 3862 a composite number?
True
Is 7123 prime?
False
Is 1283017 composite?
False
Is 131273 composite?
True
Is 10541 prime?
False
Is 2083067 composite?
True
Is 114809 composite?
False
Is 23227 a prime number?
True
Is 258667 a prime number?
False
Is 489029 a composite number?
True
Is 197539 a composite number?
False
Is 3553669 prime?
False
Is 775507 composite?
False
Is 96643 composite?
False
Is 3989 composite?
False
Is 1721 a prime number?
True
Is 7894 prime?
False
Is 212143 a composite number?
True
Is 8191 a composite number?
False
Is 509681 prime?
True
Is 983 prime?
True
Is 3243043 a prime number?
True
Is 150665 a composite number?
True
Is 63811 prime?
False
Is 13567 composite?
False
Is 2155 a prime number?
False
Is 12799 composite?
False
Is 637573 composite?
False
Is 518633 composite?
True
Is 1082837 a prime number?
False
Is 1206154 prime?
False
Is 1177 composite?
True
Is 125815 composite?
True
Is 1893971 prime?
True
Is 41497 prime?
False
Is 626737 a prime number?
False
Is 21683 prime?
True
Is 39019 a prime number?
True
Is 258211 prime?
True
Is 275599 composite?
False
Is 28909 prime?
True
Is 2053 a composite number?
False
Is 247161 a prime number?
False
Is 512047 a prime number?
True
Is 1361 a prime number?
True
Is 410147 a prime number?
False
Is 26597 composite?
False
Is 270121 composite?
False
Is 69811 composite?
True
Is 3928303 composite?
False
Is 6589 prime?
False
Is 1340233 prime?
False
Is 11435 composite?
True
Is 42879 prime?
False
Is 480139 composite?
True
Is 40423 a prime number?
True
Is 11903 prime?
True
Is 8057 prime?
False
Is 5713 a prime number?
False
Is 11203 prime?
False
Is 2026 a prime number?
False
Is 29629 composite?
False
Is 5297 composite?
False
Is 41101 a prime number?
False
Is 26279 composite?
True
Is 71845 a prime number?
False
Is 3947 a composite number?
False
Is 2654 composite?
True
Is 1053179 prime?
True
Is 207146 composite?
True
Is 99521 a prime number?
False
Is 3977 a prime number?
False
Is 14633 composite?
False
Is 399327 composite?
True
Is 78059 a composite number?
False
Is 86311 a prime number?
True
Is 70403 composite?
True
Is 26339 prime?
True
Is 330829 a prime number?
False
Is 5923 a prime number?
True
Is 684829 a prime number?
True
Is 18741 prime?
False
Is 307297 a prime number?
False
Is 14167 prime?
False
Is 14941 prime?
False
Is 20029 prime?
True
Is 136657 prime?
True
Is 966727 a composite number?
False
Is 4476089 a composite number?
False
Is 116867 composite?
False
Is 24989 prime?
True
Is 124277 a composite number?
False
Is 19717 a composite number?
False
Is 1973 a composite number?
False
Is 9007 composite?
False
Is 26053 prime?
True
Is 565 a prime number?
False
Is 689551 prime?
True
Is 251 a composite number?
False
Is 69623 composite?
False
Is 1901 a prime number?
True
Is 509833 a prime number?
True
Is 193357 a composite number?
False
Is 242171 composite?
False
Is 39113 a prime number?
True
Is 10193 composite?
False
Is 6947 prime?
True
Is 2333 prime?
True
Is 38851 prime?
True
Is 1473 a prime number?
False
Is 11435 a prime number?
False
Is 42377 a composite number?
True
Is 14633 a prime number?
True
Is 63766 composite?
True
Is 151237 composite?
False
Is 12007 composite?
False
Is 1261 prime?
False
Is 15949 composite?
True
Is 568979 a prime number?
True
Is 15641 prime?
True
Is 254 composite?
True
Is 30631 a composite number?
False
Is 170047 composite?
False
Is 129943 composite?
True
Is 86197 prime?
True
Is 9707 composite?
True
Is 234647 a composite number?
True
Is 61933 composite?
False
Is 5539 composite?
True
Is 100811 prime?
True
Is 578917 a composite number?
False
Is 2843 a prime number?
True
Is 10357 a prime number?
True
Is 127079 prime?
True
Is 63949 a composite number?
False
Is 3161 prime?
False
Is 13989 prime?
False
Is 36833 a prime number?
True
Is 6995 a composite number?
True
Is 225895 a composite number?
True
Is 67391 a prime number?
True
Is 39297 composite?
True
Is 1765235 composite?
True
Is 21542 a prime number?
False
Is 18677 composite?
True
Is 301123 prime?
True
Is 487 a prime number?
True
Is 123179 a composite number?
True
Is 7613 prime?
False
Is 46409 composite?
True
Is 692489 composite?
True
Is 14837 a composite number?
True
Is 416809 composite?
True
Is 3166 a prime number?
False
Is 1259 prime?
True
Is 4317 prime?
False
Is 1145762 prime?
False
Is 945457 a composite number?
False
Is 292021 a composite number?
False
Is 444082 composite?
True
Is 66337 composite?
False
Is 461095 prime?
False
Is 55733 a prime number?
True
Is 27791 a composite number?
False
Is 8053 a prime number?
True
Is 22846 a prime number?
False
Is 75893 a prime number?
False
Is 168583 a composite number?
True
Is 16087 a composite number?
False
Is 69469 composite?
True
Is 25099 prime?
False
Is 148919 prime?
False
Is 65353 a prime number?
True
Is 1659971 a composite number?
False
Is 124466 prime?
False
Is 6189 a prime number?
False
Is 8431 a composite number?
False
Is 1657 prime?
True
Is 19207 a composite number?
False
Is 351547 composite?
True
Is 452671 a composite number?
False
Is 33149 composite?
False
Is 44627 composite?
True
Is 17551 a prime number?
True
Is 236359 a composite number?
True
Is 5857 composite?
False
Is 7721 composite?
True
Is 156577 a composite number?
False
Is 1081321 a prime number?
False
Is 28387 a composite number?
False
Is 10561 composite?
True
Is 4283 a composite number?
False
Is 47453 prime?
False
Is 877589 a composite number?
True
Is 75149 a prime number?
True
Is 32341 prime?
True
Is 7223 a composite number?
True
Is 6469 a composite number?
False
Is 158611 a composite number?
False
Is 86677 a composite number?
False
Is 38039 a prime number?
True
Is 28739 prime?
False
Is 387359 prime?
False
Is 11107 a prime number?
False
Is 841571 a composite number?
True
Is 28709 prime?
False
Is 17617 prime?
False
Is 12349 prime?
False
Is 1736029 composite?
False
Is 1501789 a prime number?
False
Is 77849 prime?
True
Is 91231 prime?
False
Is 8147 prime?
True
Is 77879 a composite number?
True
Is 372343 a prime number?
False
Is 313879 a prime number?
True
Is 1543 composite?
False
Is 1987 prime?
True
Is 151049 prime?
True
Is 42629 composite?
True
Is 2453 prime?
False
Is 2140689 prime?
False
Is 317857 prime?
True
Is 6787 a composite number?
True
Is 88549 a prime number?
False
Is 41014 a prime number?
False
Is 8311 a prime number?
True
Is 17041 prime?
True
Is 470527 a prime number?
False
Is 19847 a composite number?
True
Is 94477 prime?
True
Is 13263 prime?
False
Is 77681 composite?
False
Is 100823 a composite number?
False
Is 346391 a composite number?
False
Is 18809 a compos